{"id":4038,"date":"2025-11-11T19:49:30","date_gmt":"2025-11-11T12:49:30","guid":{"rendered":"https:\/\/xuongnoithattipi.com\/?post_type=product&#038;p=4038"},"modified":"2025-11-15T22:04:07","modified_gmt":"2025-11-15T15:04:07","slug":"tu-bep-mdf-co-dien","status":"publish","type":"product","link":"https:\/\/xuongnoithattipi.com\/?product=tu-bep-mdf-co-dien","title":{"rendered":"T\u1ee7 B\u1ebfp MDF C\u1ed5 \u0110i\u1ec3n"},"content":{"rendered":"<p data-start=\"380\" data-end=\"465\"><strong data-start=\"380\" data-end=\"465\">T\u1ee7 B\u1ebfp MDF C\u1ed5 \u0110i\u1ec3n \u2013 T\u1ea1o D\u1ea5u \u1ea4n Sang Tr\u1ecdng Cho Kh\u00f4ng Gian B\u1ebfp<\/strong><\/p>\n<p data-start=\"467\" data-end=\"766\">T\u1ee7 b\u1ebfp MDF c\u1ed5 \u0111i\u1ec3n t\u1eeb N\u1ed8I TH\u1ea4T TIPI l\u00e0 s\u1ef1 l\u1ef1a ch\u1ecdn l\u00fd t\u01b0\u1edfng cho nh\u1eefng ai y\u00eau th\u00edch v\u1ebb \u0111\u1eb9p truy\u1ec1n th\u1ed1ng nh\u01b0ng v\u1eabn mu\u1ed1n s\u1edf h\u1eefu nh\u1eefng s\u1ea3n ph\u1ea9m n\u1ed9i th\u1ea5t hi\u1ec7n \u0111\u1ea1i, ti\u1ec7n nghi. V\u1edbi ch\u1ea5t li\u1ec7u MDF cao c\u1ea5p v\u00e0 thi\u1ebft k\u1ebf tinh x\u1ea3o, t\u1ee7 b\u1ebfp MDF c\u1ed5 \u0111i\u1ec3n mang l\u1ea1i kh\u00f4ng gian b\u1ebfp sang tr\u1ecdng, \u0111\u1eb3ng c\u1ea5p cho gia \u0111\u00ecnh b\u1ea1n.<\/p>\n<p><img loading=\"lazy\" decoding=\"async\" class=\"alignnone wp-image-4040 size-full\" src=\"http:\/\/xuongnoithattipi.com\/wp-content\/uploads\/2025\/11\/tu-bep-co-dien-ngang2.jpg\" alt=\"\" width=\"1035\" height=\"690\" srcset=\"https:\/\/xuongnoithattipi.com\/wp-content\/uploads\/2025\/11\/tu-bep-co-dien-ngang2.jpg 1035w, https:\/\/xuongnoithattipi.com\/wp-content\/uploads\/2025\/11\/tu-bep-co-dien-ngang2-300x200.jpg 300w, https:\/\/xuongnoithattipi.com\/wp-content\/uploads\/2025\/11\/tu-bep-co-dien-ngang2-768x512.jpg 768w, https:\/\/xuongnoithattipi.com\/wp-content\/uploads\/2025\/11\/tu-bep-co-dien-ngang2-256x171.jpg 256w\" sizes=\"auto, (max-width: 1035px) 100vw, 1035px\" \/><\/p>\n<p data-start=\"768\" data-end=\"830\"><strong data-start=\"768\" data-end=\"830\">T\u1ee7 B\u1ebfp MDF C\u1ed5 \u0110i\u1ec3n: V\u1ebb \u0110\u1eb9p Truy\u1ec1n Th\u1ed1ng, \u0110\u1eb3ng C\u1ea5p Hi\u1ec7n \u0110\u1ea1i<\/strong><\/p>\n<p data-start=\"832\" data-end=\"1132\">V\u1edbi s\u1ef1 k\u1ebft h\u1ee3p ho\u00e0n h\u1ea3o gi\u1eefa thi\u1ebft k\u1ebf c\u1ed5 \u0111i\u1ec3n v\u00e0 ch\u1ea5t li\u1ec7u MDF b\u1ec1n b\u1ec9, t\u1ee7 b\u1ebfp MDF c\u1ed5 \u0111i\u1ec3n kh\u00f4ng ch\u1ec9 l\u00e0 s\u1ea3n ph\u1ea9m n\u1ed9i th\u1ea5t \u0111\u01a1n thu\u1ea7n m\u00e0 c\u00f2n l\u00e0 \u0111i\u1ec3m nh\u1ea5n gi\u00fap kh\u00f4ng gian b\u1ebfp tr\u1edf n\u00ean ho\u00e0n h\u1ea3o h\u01a1n. S\u1ea3n ph\u1ea9m n\u00e0y mang \u0111\u1ebfn v\u1ebb \u0111\u1eb9p tinh t\u1ebf, c\u1ed5 \u0111i\u1ec3n nh\u01b0ng v\u1eabn gi\u1eef \u0111\u01b0\u1ee3c s\u1ef1 hi\u1ec7n \u0111\u1ea1i, ti\u1ec7n nghi trong m\u1ed7i chi ti\u1ebft.<\/p>\n<p data-start=\"1134\" data-end=\"1192\"><strong data-start=\"1134\" data-end=\"1192\">T\u1ea1i Sao N\u00ean Ch\u1ecdn T\u1ee7 B\u1ebfp MDF C\u1ed5 \u0110i\u1ec3n C\u1ee7a N\u1ed8I TH\u1ea4T TIPI?<\/strong><\/p>\n<ol data-start=\"1194\" data-end=\"2503\">\n<li data-start=\"1194\" data-end=\"1457\">\n<p data-start=\"1197\" data-end=\"1457\"><strong data-start=\"1197\" data-end=\"1231\">Ch\u1ea5t Li\u1ec7u MDF Cao C\u1ea5p, B\u1ec1n B\u1ec9:<\/strong><br data-start=\"1231\" data-end=\"1234\" \/>Ch\u00fang t\u00f4i s\u1eed d\u1ee5ng MDF ch\u1ea5t l\u01b0\u1ee3ng cao, c\u00f3 kh\u1ea3 n\u0103ng ch\u1ecbu l\u1ef1c, ch\u1ecbu n\u01b0\u1edbc v\u00e0 ch\u1ed1ng m\u1ed1i m\u1ecdt t\u1ed1t, \u0111\u1ea3m b\u1ea3o \u0111\u1ed9 b\u1ec1n l\u00e2u d\u00e0i cho t\u1ee7 b\u1ebfp c\u1ee7a b\u1ea1n. Ch\u1ea5t li\u1ec7u n\u00e0y c\u00f2n d\u1ec5 d\u00e0ng v\u1ec7 sinh, gi\u00fap b\u1ea1n gi\u1eef g\u00ecn v\u1ebb \u0111\u1eb9p c\u1ee7a t\u1ee7 b\u1ebfp theo th\u1eddi gian.<\/p>\n<\/li>\n<li data-start=\"1459\" data-end=\"1763\">\n<p data-start=\"1462\" data-end=\"1763\"><strong data-start=\"1462\" data-end=\"1495\">Thi\u1ebft K\u1ebf Sang Tr\u1ecdng, Tinh T\u1ebf:<\/strong><br data-start=\"1495\" data-end=\"1498\" \/>V\u1edbi nh\u1eefng chi ti\u1ebft hoa v\u0103n tinh x\u1ea3o, c\u00e1c \u0111\u01b0\u1eddng n\u00e9t m\u1ec1m m\u1ea1i, t\u1ee7 b\u1ebfp MDF c\u1ed5 \u0111i\u1ec3n kh\u00f4ng ch\u1ec9 th\u1ec3 hi\u1ec7n s\u1ef1 sang tr\u1ecdng m\u00e0 c\u00f2n mang l\u1ea1i c\u1ea3m gi\u00e1c \u1ea5m c\u00fang v\u00e0 g\u1ea7n g\u0169i cho kh\u00f4ng gian b\u1ebfp. Phong c\u00e1ch thi\u1ebft k\u1ebf n\u00e0y s\u1ebd ph\u00f9 h\u1ee3p v\u1edbi nhi\u1ec1u lo\u1ea1i kh\u00f4ng gian, t\u1eeb c\u1ed5 \u0111i\u1ec3n \u0111\u1ebfn hi\u1ec7n \u0111\u1ea1i.<\/p>\n<\/li>\n<li data-start=\"1765\" data-end=\"2033\">\n<p data-start=\"1768\" data-end=\"2033\"><strong data-start=\"1768\" data-end=\"1798\">T\u1ed1i \u01afu Kh\u00f4ng Gian S\u1eed D\u1ee5ng:<\/strong><br data-start=\"1798\" data-end=\"1801\" \/>M\u1eb7c d\u00f9 mang phong c\u00e1ch c\u1ed5 \u0111i\u1ec3n, nh\u01b0ng t\u1ee7 b\u1ebfp MDF c\u1ed5 \u0111i\u1ec3n v\u1eabn \u0111\u01b0\u1ee3c thi\u1ebft k\u1ebf t\u1ed1i \u01b0u, gi\u00fap b\u1ea1n t\u1eadn d\u1ee5ng t\u1ed1i \u0111a kh\u00f4ng gian l\u01b0u tr\u1eef. C\u00e1c ng\u0103n t\u1ee7 r\u1ed9ng r\u00e3i, d\u1ec5 d\u00e0ng s\u1eafp x\u1ebfp d\u1ee5ng c\u1ee5 b\u1ebfp v\u00e0 th\u1ef1c ph\u1ea9m, gi\u00fap c\u0103n b\u1ebfp lu\u00f4n g\u1ecdn g\u00e0ng, ng\u0103n n\u1eafp.<\/p>\n<\/li>\n<li data-start=\"2035\" data-end=\"2305\">\n<p data-start=\"2038\" data-end=\"2305\"><strong data-start=\"2038\" data-end=\"2072\">D\u1ec5 D\u00e0ng Ph\u1ed1i H\u1ee3p V\u1edbi N\u1ed9i Th\u1ea5t:<\/strong><br data-start=\"2072\" data-end=\"2075\" \/>T\u1ee7 b\u1ebfp MDF c\u1ed5 \u0111i\u1ec3n c\u00f3 nhi\u1ec1u m\u1eabu m\u00e3 v\u00e0 m\u00e0u s\u1eafc \u0111a d\u1ea1ng, d\u1ec5 d\u00e0ng ph\u1ed1i h\u1ee3p v\u1edbi c\u00e1c m\u00f3n \u0111\u1ed3 n\u1ed9i th\u1ea5t kh\u00e1c trong gian b\u1ebfp. B\u1ea5t k\u1ec3 b\u1ea1n y\u00eau th\u00edch m\u00e0u g\u1ed7 t\u1ef1 nhi\u00ean \u1ea5m \u00e1p hay m\u00e0u s\u1eafc nh\u1eb9 nh\u00e0ng, s\u1ea3n ph\u1ea9m \u0111\u1ec1u c\u00f3 th\u1ec3 \u0111\u00e1p \u1ee9ng nhu c\u1ea7u c\u1ee7a b\u1ea1n.<\/p>\n<\/li>\n<li data-start=\"2307\" data-end=\"2503\">\n<p data-start=\"2310\" data-end=\"2503\"><strong data-start=\"2310\" data-end=\"2345\">Ti\u1ebft Ki\u1ec7m Th\u1eddi Gian v\u00e0 Chi Ph\u00ed:<\/strong><br data-start=\"2345\" data-end=\"2348\" \/>T\u1ee7 b\u1ebfp MDF c\u1ed5 \u0111i\u1ec3n c\u00f3 \u0111\u1ed9 b\u1ec1n cao, gi\u00fap b\u1ea1n ti\u1ebft ki\u1ec7m chi ph\u00ed b\u1ea3o tr\u00ec v\u00e0 s\u1eeda ch\u1eefa. B\u1ea1n kh\u00f4ng c\u1ea7n ph\u1ea3i lo l\u1eafng v\u1ec1 vi\u1ec7c thay th\u1ebf hay s\u1eeda ch\u1eefa th\u01b0\u1eddng xuy\u00ean.<\/p>\n<p><img loading=\"lazy\" decoding=\"async\" class=\"alignnone wp-image-4042 \" src=\"http:\/\/xuongnoithattipi.com\/wp-content\/uploads\/2025\/11\/tu-bep-co-dien-ngang.jpg\" alt=\"\" width=\"998\" height=\"568\" srcset=\"https:\/\/xuongnoithattipi.com\/wp-content\/uploads\/2025\/11\/tu-bep-co-dien-ngang.jpg 1024w, https:\/\/xuongnoithattipi.com\/wp-content\/uploads\/2025\/11\/tu-bep-co-dien-ngang-300x171.jpg 300w, https:\/\/xuongnoithattipi.com\/wp-content\/uploads\/2025\/11\/tu-bep-co-dien-ngang-768x437.jpg 768w, https:\/\/xuongnoithattipi.com\/wp-content\/uploads\/2025\/11\/tu-bep-co-dien-ngang-256x146.jpg 256w\" sizes=\"auto, (max-width: 998px) 100vw, 998px\" \/><\/p>\n<\/li>\n<\/ol>\n<p data-start=\"2505\" data-end=\"2546\"><strong data-start=\"2505\" data-end=\"2546\">Li\u00ean H\u1ec7 N\u1ed8I TH\u1ea4T TIPI \u0110\u1ec3 \u0110\u01b0\u1ee3c T\u01b0 V\u1ea5n:<\/strong><\/p>\n<p data-start=\"2548\" data-end=\"2810\">N\u1ebfu b\u1ea1n \u0111ang t\u00ecm ki\u1ebfm m\u1ed9t chi\u1ebfc t\u1ee7 b\u1ebfp v\u1eeba c\u1ed5 \u0111i\u1ec3n v\u1eeba hi\u1ec7n \u0111\u1ea1i, h\u00e3y \u0111\u1ebfn v\u1edbi N\u1ed8I TH\u1ea4T TIPI. Ch\u00fang t\u00f4i s\u1ebd gi\u00fap b\u1ea1n s\u1edf h\u1eefu m\u1ed9t s\u1ea3n ph\u1ea9m ho\u00e0n h\u1ea3o cho kh\u00f4ng gian b\u1ebfp c\u1ee7a gia \u0111\u00ecnh m\u00ecnh. \u0110\u1ec3 \u0111\u01b0\u1ee3c t\u01b0 v\u1ea5n chi ti\u1ebft v\u1ec1 s\u1ea3n ph\u1ea9m, vui l\u00f2ng li\u00ean h\u1ec7 qua c\u00e1c th\u00f4ng tin d\u01b0\u1edbi \u0111\u00e2y:<\/p>\n<p data-start=\"2812\" data-end=\"2861\"><strong data-start=\"2812\" data-end=\"2861\">C\u00d4NG TY TNHH TH\u01af\u01a0NG M\u1ea0I V\u00c0 S\u1ea2N XU\u1ea4T TIPI WOOD<\/strong><\/p>\n<ul data-start=\"2863\" data-end=\"3025\">\n<li data-start=\"2863\" data-end=\"2921\">\n<p data-start=\"2865\" data-end=\"2921\"><strong data-start=\"2865\" data-end=\"2877\">\u0110\u1ecba ch\u1ec9:<\/strong> 221\/229 B\u00ecnh Th\u00e0nh, Ph\u01b0\u1eddng B\u00ecnh T\u00e2n, TP.HCM<\/p>\n<\/li>\n<li data-start=\"2922\" data-end=\"2953\">\n<p data-start=\"2924\" data-end=\"2953\"><strong data-start=\"2924\" data-end=\"2939\">Kinh doanh:<\/strong> 0909.52.69.62<\/p>\n<\/li>\n<li data-start=\"2954\" data-end=\"2990\">\n<p data-start=\"2956\" data-end=\"2990\"><strong data-start=\"2956\" data-end=\"2976\">H\u1ed7 tr\u1ee3 k\u1ef9 thu\u1eadt:<\/strong> 0938.40.50.62<\/p>\n<\/li>\n<li data-start=\"2991\" data-end=\"3025\">\n<p data-start=\"2993\" data-end=\"3025\"><strong data-start=\"2993\" data-end=\"3003\">Email:<\/strong> <a class=\"decorated-link cursor-pointer\" rel=\"noopener\" data-start=\"3004\" data-end=\"3025\">tipiwood.sg@gmail.com<\/a><\/p>\n<\/li>\n<\/ul>\n","protected":false},"excerpt":{"rendered":"<p data-start=\"184\" data-end=\"373\">Kh\u00e1m ph\u00e1 t\u1ee7 b\u1ebfp MDF c\u1ed5 \u0111i\u1ec3n c\u1ee7a N\u1ed8I TH\u1ea4T TIPI \u2013 s\u1ef1 k\u1ebft h\u1ee3p ho\u00e0n h\u1ea3o gi\u1eefa v\u1ebb \u0111\u1eb9p c\u1ed5 \u0111i\u1ec3n v\u00e0 ch\u1ea5t li\u1ec7u hi\u1ec7n \u0111\u1ea1i. \u0110\u1eb7t ngay t\u1ee7 b\u1ebfp b\u1ec1n b\u1ec9, sang tr\u1ecdng cho gian b\u1ebfp c\u1ee7a b\u1ea1n.<\/p>\n","protected":false},"featured_media":4039,"comment_status":"open","ping_status":"closed","template":"","meta":{"_acf_changed":false},"product_brand":[],"product_cat":[149],"product_tag":[],"class_list":{"0":"post-4038","1":"product","2":"type-product","3":"status-publish","4":"has-post-thumbnail","6":"product_cat-tu-bep-mdf","8":"first","9":"instock","10":"shipping-taxable","11":"purchasable","12":"product-type-simple"},"acf":[],"yoast_head":"<!-- This site is optimized with the Yoast SEO Premium plugin v22.6 (Yoast SEO v26.3) - https:\/\/yoast.com\/wordpress\/plugins\/seo\/ -->\n<title>T\u1ee7 B\u1ebfp MDF C\u1ed5 \u0110i\u1ec3n - N\u1ed9i th\u1ea5t Tipi<\/title>\n<meta name=\"robots\" content=\"index, follow, max-snippet:-1, max-image-preview:large, max-video-preview:-1\" \/>\n<link rel=\"canonical\" href=\"https:\/\/xuongnoithattipi.com\/?product=tu-bep-mdf-co-dien\" \/>\n<meta property=\"og:locale\" content=\"vi_VN\" \/>\n<meta property=\"og:type\" content=\"article\" \/>\n<meta property=\"og:title\" content=\"T\u1ee7 B\u1ebfp MDF C\u1ed5 \u0110i\u1ec3n\" \/>\n<meta property=\"og:description\" content=\"Kh\u00e1m ph\u00e1 t\u1ee7 b\u1ebfp MDF c\u1ed5 \u0111i\u1ec3n c\u1ee7a N\u1ed8I TH\u1ea4T TIPI \u2013 s\u1ef1 k\u1ebft h\u1ee3p ho\u00e0n h\u1ea3o gi\u1eefa v\u1ebb \u0111\u1eb9p c\u1ed5 \u0111i\u1ec3n v\u00e0 ch\u1ea5t li\u1ec7u hi\u1ec7n \u0111\u1ea1i. \u0110\u1eb7t ngay t\u1ee7 b\u1ebfp b\u1ec1n b\u1ec9, sang tr\u1ecdng cho gian b\u1ebfp c\u1ee7a b\u1ea1n.\" \/>\n<meta property=\"og:url\" content=\"https:\/\/xuongnoithattipi.com\/?product=tu-bep-mdf-co-dien\" \/>\n<meta property=\"og:site_name\" content=\"N\u1ed9i th\u1ea5t Tipi\" \/>\n<meta property=\"article:publisher\" content=\"https:\/\/www.facebook.com\/profile.php?id=61583275246966#\" \/>\n<meta property=\"article:modified_time\" content=\"2025-11-15T15:04:07+00:00\" \/>\n<meta property=\"og:image\" content=\"https:\/\/xuongnoithattipi.com\/wp-content\/uploads\/2025\/11\/tu-bep-co-dien-2.jpg\" \/>\n\t<meta property=\"og:image:width\" content=\"1024\" \/>\n\t<meta property=\"og:image:height\" content=\"1024\" \/>\n\t<meta property=\"og:image:type\" content=\"image\/jpeg\" \/>\n<meta name=\"twitter:card\" content=\"summary_large_image\" \/>\n<meta name=\"twitter:label1\" content=\"\u01af\u1edbc t\u00ednh th\u1eddi gian \u0111\u1ecdc\" \/>\n\t<meta name=\"twitter:data1\" content=\"4 ph\u00fat\" \/>\n<script type=\"application\/ld+json\" class=\"yoast-schema-graph\">{\"@context\":\"https:\/\/schema.org\",\"@graph\":[{\"@type\":\"WebPage\",\"@id\":\"https:\/\/xuongnoithattipi.com\/?product=tu-bep-mdf-co-dien\",\"url\":\"https:\/\/xuongnoithattipi.com\/?product=tu-bep-mdf-co-dien\",\"name\":\"T\u1ee7 B\u1ebfp MDF C\u1ed5 \u0110i\u1ec3n - N\u1ed9i th\u1ea5t Tipi\",\"isPartOf\":{\"@id\":\"https:\/\/xuongnoithattipi.com\/#website\"},\"primaryImageOfPage\":{\"@id\":\"https:\/\/xuongnoithattipi.com\/?product=tu-bep-mdf-co-dien#primaryimage\"},\"image\":{\"@id\":\"https:\/\/xuongnoithattipi.com\/?product=tu-bep-mdf-co-dien#primaryimage\"},\"thumbnailUrl\":\"https:\/\/xuongnoithattipi.com\/wp-content\/uploads\/2025\/11\/tu-bep-co-dien-2.jpg\",\"datePublished\":\"2025-11-11T12:49:30+00:00\",\"dateModified\":\"2025-11-15T15:04:07+00:00\",\"breadcrumb\":{\"@id\":\"https:\/\/xuongnoithattipi.com\/?product=tu-bep-mdf-co-dien#breadcrumb\"},\"inLanguage\":\"vi\",\"potentialAction\":[{\"@type\":\"ReadAction\",\"target\":[\"https:\/\/xuongnoithattipi.com\/?product=tu-bep-mdf-co-dien\"]}]},{\"@type\":\"ImageObject\",\"inLanguage\":\"vi\",\"@id\":\"https:\/\/xuongnoithattipi.com\/?product=tu-bep-mdf-co-dien#primaryimage\",\"url\":\"https:\/\/xuongnoithattipi.com\/wp-content\/uploads\/2025\/11\/tu-bep-co-dien-2.jpg\",\"contentUrl\":\"https:\/\/xuongnoithattipi.com\/wp-content\/uploads\/2025\/11\/tu-bep-co-dien-2.jpg\",\"width\":1024,\"height\":1024},{\"@type\":\"BreadcrumbList\",\"@id\":\"https:\/\/xuongnoithattipi.com\/?product=tu-bep-mdf-co-dien#breadcrumb\",\"itemListElement\":[{\"@type\":\"ListItem\",\"position\":1,\"name\":\"Trang ch\u1ee7\",\"item\":\"https:\/\/xuongnoithattipi.com\/\"},{\"@type\":\"ListItem\",\"position\":2,\"name\":\"S\u1ea3n ph\u1ea9m\",\"item\":\"https:\/\/xuongnoithattipi.com\/shop\/\"},{\"@type\":\"ListItem\",\"position\":3,\"name\":\"T\u1ee7 b\u1ebfp MDF\",\"item\":\"https:\/\/xuongnoithattipi.com\/danh-muc-san-pham\/tu-bep-mdf\/\"},{\"@type\":\"ListItem\",\"position\":4,\"name\":\"T\u1ee7 B\u1ebfp MDF C\u1ed5 \u0110i\u1ec3n\"}]},{\"@type\":\"WebSite\",\"@id\":\"https:\/\/xuongnoithattipi.com\/#website\",\"url\":\"https:\/\/xuongnoithattipi.com\/\",\"name\":\"N\u1ed9i th\u1ea5t Tipi\",\"description\":\"\",\"publisher\":{\"@id\":\"https:\/\/xuongnoithattipi.com\/#organization\"},\"potentialAction\":[{\"@type\":\"SearchAction\",\"target\":{\"@type\":\"EntryPoint\",\"urlTemplate\":\"https:\/\/xuongnoithattipi.com\/?s={search_term_string}\"},\"query-input\":{\"@type\":\"PropertyValueSpecification\",\"valueRequired\":true,\"valueName\":\"search_term_string\"}}],\"inLanguage\":\"vi\"},{\"@type\":\"Organization\",\"@id\":\"https:\/\/xuongnoithattipi.com\/#organization\",\"name\":\"N\u1ed9i th\u1ea5t Tipi\",\"url\":\"https:\/\/xuongnoithattipi.com\/\",\"logo\":{\"@type\":\"ImageObject\",\"inLanguage\":\"vi\",\"@id\":\"https:\/\/xuongnoithattipi.com\/#\/schema\/logo\/image\/\",\"url\":\"http:\/\/xuongnoithattipi.com\/wp-content\/uploads\/2025\/11\/LOGO_XUONG-NOI-THAT-TIPI_WEB-COLOR-full.png\",\"contentUrl\":\"http:\/\/xuongnoithattipi.com\/wp-content\/uploads\/2025\/11\/LOGO_XUONG-NOI-THAT-TIPI_WEB-COLOR-full.png\",\"width\":536,\"height\":126,\"caption\":\"N\u1ed9i th\u1ea5t Tipi\"},\"image\":{\"@id\":\"https:\/\/xuongnoithattipi.com\/#\/schema\/logo\/image\/\"},\"sameAs\":[\"https:\/\/www.facebook.com\/profile.php?id=61583275246966#\"]}]}<\/script>\n<!-- \/ Yoast SEO Premium plugin. -->","yoast_head_json":{"title":"T\u1ee7 B\u1ebfp MDF C\u1ed5 \u0110i\u1ec3n - N\u1ed9i th\u1ea5t Tipi","robots":{"index":"index","follow":"follow","max-snippet":"max-snippet:-1","max-image-preview":"max-image-preview:large","max-video-preview":"max-video-preview:-1"},"canonical":"https:\/\/xuongnoithattipi.com\/?product=tu-bep-mdf-co-dien","og_locale":"vi_VN","og_type":"article","og_title":"T\u1ee7 B\u1ebfp MDF C\u1ed5 \u0110i\u1ec3n","og_description":"Kh\u00e1m ph\u00e1 t\u1ee7 b\u1ebfp MDF c\u1ed5 \u0111i\u1ec3n c\u1ee7a N\u1ed8I TH\u1ea4T TIPI \u2013 s\u1ef1 k\u1ebft h\u1ee3p ho\u00e0n h\u1ea3o gi\u1eefa v\u1ebb \u0111\u1eb9p c\u1ed5 \u0111i\u1ec3n v\u00e0 ch\u1ea5t li\u1ec7u hi\u1ec7n \u0111\u1ea1i. \u0110\u1eb7t ngay t\u1ee7 b\u1ebfp b\u1ec1n b\u1ec9, sang tr\u1ecdng cho gian b\u1ebfp c\u1ee7a b\u1ea1n.","og_url":"https:\/\/xuongnoithattipi.com\/?product=tu-bep-mdf-co-dien","og_site_name":"N\u1ed9i th\u1ea5t Tipi","article_publisher":"https:\/\/www.facebook.com\/profile.php?id=61583275246966#","article_modified_time":"2025-11-15T15:04:07+00:00","og_image":[{"width":1024,"height":1024,"url":"https:\/\/xuongnoithattipi.com\/wp-content\/uploads\/2025\/11\/tu-bep-co-dien-2.jpg","type":"image\/jpeg"}],"twitter_card":"summary_large_image","twitter_misc":{"\u01af\u1edbc t\u00ednh th\u1eddi gian \u0111\u1ecdc":"4 ph\u00fat"},"schema":{"@context":"https:\/\/schema.org","@graph":[{"@type":"WebPage","@id":"https:\/\/xuongnoithattipi.com\/?product=tu-bep-mdf-co-dien","url":"https:\/\/xuongnoithattipi.com\/?product=tu-bep-mdf-co-dien","name":"T\u1ee7 B\u1ebfp MDF C\u1ed5 \u0110i\u1ec3n - N\u1ed9i th\u1ea5t Tipi","isPartOf":{"@id":"https:\/\/xuongnoithattipi.com\/#website"},"primaryImageOfPage":{"@id":"https:\/\/xuongnoithattipi.com\/?product=tu-bep-mdf-co-dien#primaryimage"},"image":{"@id":"https:\/\/xuongnoithattipi.com\/?product=tu-bep-mdf-co-dien#primaryimage"},"thumbnailUrl":"https:\/\/xuongnoithattipi.com\/wp-content\/uploads\/2025\/11\/tu-bep-co-dien-2.jpg","datePublished":"2025-11-11T12:49:30+00:00","dateModified":"2025-11-15T15:04:07+00:00","breadcrumb":{"@id":"https:\/\/xuongnoithattipi.com\/?product=tu-bep-mdf-co-dien#breadcrumb"},"inLanguage":"vi","potentialAction":[{"@type":"ReadAction","target":["https:\/\/xuongnoithattipi.com\/?product=tu-bep-mdf-co-dien"]}]},{"@type":"ImageObject","inLanguage":"vi","@id":"https:\/\/xuongnoithattipi.com\/?product=tu-bep-mdf-co-dien#primaryimage","url":"https:\/\/xuongnoithattipi.com\/wp-content\/uploads\/2025\/11\/tu-bep-co-dien-2.jpg","contentUrl":"https:\/\/xuongnoithattipi.com\/wp-content\/uploads\/2025\/11\/tu-bep-co-dien-2.jpg","width":1024,"height":1024},{"@type":"BreadcrumbList","@id":"https:\/\/xuongnoithattipi.com\/?product=tu-bep-mdf-co-dien#breadcrumb","itemListElement":[{"@type":"ListItem","position":1,"name":"Trang ch\u1ee7","item":"https:\/\/xuongnoithattipi.com\/"},{"@type":"ListItem","position":2,"name":"S\u1ea3n ph\u1ea9m","item":"https:\/\/xuongnoithattipi.com\/shop\/"},{"@type":"ListItem","position":3,"name":"T\u1ee7 b\u1ebfp MDF","item":"https:\/\/xuongnoithattipi.com\/danh-muc-san-pham\/tu-bep-mdf\/"},{"@type":"ListItem","position":4,"name":"T\u1ee7 B\u1ebfp MDF C\u1ed5 \u0110i\u1ec3n"}]},{"@type":"WebSite","@id":"https:\/\/xuongnoithattipi.com\/#website","url":"https:\/\/xuongnoithattipi.com\/","name":"N\u1ed9i th\u1ea5t Tipi","description":"","publisher":{"@id":"https:\/\/xuongnoithattipi.com\/#organization"},"potentialAction":[{"@type":"SearchAction","target":{"@type":"EntryPoint","urlTemplate":"https:\/\/xuongnoithattipi.com\/?s={search_term_string}"},"query-input":{"@type":"PropertyValueSpecification","valueRequired":true,"valueName":"search_term_string"}}],"inLanguage":"vi"},{"@type":"Organization","@id":"https:\/\/xuongnoithattipi.com\/#organization","name":"N\u1ed9i th\u1ea5t Tipi","url":"https:\/\/xuongnoithattipi.com\/","logo":{"@type":"ImageObject","inLanguage":"vi","@id":"https:\/\/xuongnoithattipi.com\/#\/schema\/logo\/image\/","url":"http:\/\/xuongnoithattipi.com\/wp-content\/uploads\/2025\/11\/LOGO_XUONG-NOI-THAT-TIPI_WEB-COLOR-full.png","contentUrl":"http:\/\/xuongnoithattipi.com\/wp-content\/uploads\/2025\/11\/LOGO_XUONG-NOI-THAT-TIPI_WEB-COLOR-full.png","width":536,"height":126,"caption":"N\u1ed9i th\u1ea5t Tipi"},"image":{"@id":"https:\/\/xuongnoithattipi.com\/#\/schema\/logo\/image\/"},"sameAs":["https:\/\/www.facebook.com\/profile.php?id=61583275246966#"]}]}},"_links":{"self":[{"href":"https:\/\/xuongnoithattipi.com\/index.php?rest_route=\/wp\/v2\/product\/4038","targetHints":{"allow":["GET"]}}],"collection":[{"href":"https:\/\/xuongnoithattipi.com\/index.php?rest_route=\/wp\/v2\/product"}],"about":[{"href":"https:\/\/xuongnoithattipi.com\/index.php?rest_route=\/wp\/v2\/types\/product"}],"replies":[{"embeddable":true,"href":"https:\/\/xuongnoithattipi.com\/index.php?rest_route=%2Fwp%2Fv2%2Fcomments&post=4038"}],"wp:featuredmedia":[{"embeddable":true,"href":"https:\/\/xuongnoithattipi.com\/index.php?rest_route=\/wp\/v2\/media\/4039"}],"wp:attachment":[{"href":"https:\/\/xuongnoithattipi.com\/index.php?rest_route=%2Fwp%2Fv2%2Fmedia&parent=4038"}],"wp:term":[{"taxonomy":"product_brand","embeddable":true,"href":"https:\/\/xuongnoithattipi.com\/index.php?rest_route=%2Fwp%2Fv2%2Fproduct_brand&post=4038"},{"taxonomy":"product_cat","embeddable":true,"href":"https:\/\/xuongnoithattipi.com\/index.php?rest_route=%2Fwp%2Fv2%2Fproduct_cat&post=4038"},{"taxonomy":"product_tag","embeddable":true,"href":"https:\/\/xuongnoithattipi.com\/index.php?rest_route=%2Fwp%2Fv2%2Fproduct_tag&post=4038"}],"curies":[{"name":"wp","href":"https:\/\/api.w.org\/{rel}","templated":true}]}}