{"id":3975,"date":"2025-11-11T00:01:10","date_gmt":"2025-11-10T17:01:10","guid":{"rendered":"https:\/\/xuongnoithattipi.com\/?post_type=product&#038;p=3975"},"modified":"2025-11-15T22:04:40","modified_gmt":"2025-11-15T15:04:40","slug":"vo-thung-loa-dien","status":"publish","type":"product","link":"https:\/\/xuongnoithattipi.com\/?product=vo-thung-loa-dien","title":{"rendered":"V\u1ecf Th\u00f9ng Loa \u0110i\u1ec7n"},"content":{"rendered":"<p><b>V\u1ecf Th\u00f9ng Loa \u0110i\u1ec7n \u2013 N\u1ec1n T\u1ea3ng V\u1eefng Ch\u1eafc Cho H\u1ec7 Th\u1ed1ng \u00c2m Thanh \u0110\u1ec9nh Cao<\/b><\/p>\n<p>B\u1ea1n \u0111ang t\u00ecm ki\u1ebfm gi\u1ea3i ph\u00e1p t\u1ed1i \u01b0u \u0111\u1ec3 b\u1ea3o v\u1ec7 v\u00e0 n\u00e2ng cao hi\u1ec7u su\u1ea5t cho h\u1ec7 th\u1ed1ng \u00e2m thanh \u0111i\u1ec7n chuy\u00ean nghi\u1ec7p c\u1ee7a m\u00ecnh? V\u1ecf th\u00f9ng loa \u0111i\u1ec7n ch\u1ea5t l\u01b0\u1ee3ng cao ch\u00ednh l\u00e0 y\u1ebfu t\u1ed1 then ch\u1ed1t, kh\u00f4ng ch\u1ec9 gi\u00fap b\u1ea3o v\u1ec7 c\u1ee7 loa m\u00e0 c\u00f2n g\u00f3p ph\u1ea7n \u0111\u1ecbnh h\u00ecnh ch\u1ea5t l\u01b0\u1ee3ng \u00e2m thanh, mang l\u1ea1i tr\u1ea3i nghi\u1ec7m nghe nh\u00ecn ho\u00e0n h\u1ea3o.<br \/>\n<img loading=\"lazy\" decoding=\"async\" class=\"alignnone wp-image-3977\" src=\"http:\/\/xuongnoithattipi.com\/wp-content\/uploads\/2025\/11\/vo-thung-loa-dien-300x300.jpg\" alt=\"\" width=\"334\" height=\"334\" srcset=\"https:\/\/xuongnoithattipi.com\/wp-content\/uploads\/2025\/11\/vo-thung-loa-dien-300x300.jpg 300w, https:\/\/xuongnoithattipi.com\/wp-content\/uploads\/2025\/11\/vo-thung-loa-dien-150x150.jpg 150w, https:\/\/xuongnoithattipi.com\/wp-content\/uploads\/2025\/11\/vo-thung-loa-dien-768x768.jpg 768w, https:\/\/xuongnoithattipi.com\/wp-content\/uploads\/2025\/11\/vo-thung-loa-dien-256x256.jpg 256w, https:\/\/xuongnoithattipi.com\/wp-content\/uploads\/2025\/11\/vo-thung-loa-dien-100x100.jpg 100w, https:\/\/xuongnoithattipi.com\/wp-content\/uploads\/2025\/11\/vo-thung-loa-dien.jpg 1024w\" sizes=\"auto, (max-width: 334px) 100vw, 334px\" \/> <img loading=\"lazy\" decoding=\"async\" class=\"alignnone wp-image-3976\" src=\"http:\/\/xuongnoithattipi.com\/wp-content\/uploads\/2025\/11\/vo-thung-loa-dien4-300x300.jpg\" alt=\"\" width=\"340\" height=\"340\" srcset=\"https:\/\/xuongnoithattipi.com\/wp-content\/uploads\/2025\/11\/vo-thung-loa-dien4-300x300.jpg 300w, https:\/\/xuongnoithattipi.com\/wp-content\/uploads\/2025\/11\/vo-thung-loa-dien4-150x150.jpg 150w, https:\/\/xuongnoithattipi.com\/wp-content\/uploads\/2025\/11\/vo-thung-loa-dien4-768x768.jpg 768w, https:\/\/xuongnoithattipi.com\/wp-content\/uploads\/2025\/11\/vo-thung-loa-dien4-256x256.jpg 256w, https:\/\/xuongnoithattipi.com\/wp-content\/uploads\/2025\/11\/vo-thung-loa-dien4-100x100.jpg 100w, https:\/\/xuongnoithattipi.com\/wp-content\/uploads\/2025\/11\/vo-thung-loa-dien4.jpg 1024w\" sizes=\"auto, (max-width: 340px) 100vw, 340px\" \/><\/p>\n<p><b>V\u1ecf Th\u00f9ng Loa \u0110i\u1ec7n: S\u1ef1 K\u1ebft H\u1ee3p Ho\u00e0n H\u1ea3o Gi\u1eefa B\u1ea3o V\u1ec7, Th\u1ea9m M\u1ef9 V\u00e0 Hi\u1ec7u Su\u1ea5t \u00c2m Thanh<\/b> V\u1ecf th\u00f9ng loa \u0111i\u1ec7n kh\u00f4ng ch\u1ec9 l\u00e0 l\u1edbp v\u1ecf b\u00ean ngo\u00e0i m\u00e0 c\u00f2n l\u00e0 m\u1ed9t ph\u1ea7n quan tr\u1ecdng trong c\u1ea5u tr\u00fac \u00e2m h\u1ecdc, \u1ea3nh h\u01b0\u1edfng tr\u1ef1c ti\u1ebfp \u0111\u1ebfn ch\u1ea5t l\u01b0\u1ee3ng v\u00e0 \u0111\u1ed9 b\u1ec1n c\u1ee7a loa.<\/p>\n<p><b>T\u1ea1i Sao N\u00ean Ch\u1ecdn V\u1ecf Th\u00f9ng Loa \u0110i\u1ec7n Ch\u1ea5t L\u01b0\u1ee3ng Cao?<\/b><\/p>\n<ol start=\"1\">\n<li><b>Ch\u1ea5t Li\u1ec7u B\u1ec1n B\u1ec9, Ch\u1ed1ng Ch\u1ecbu T\u1ed1t:<\/b> Ch\u00fang t\u00f4i s\u1eed d\u1ee5ng c\u00e1c lo\u1ea1i g\u1ed7 c\u00f4ng nghi\u1ec7p chuy\u00ean d\u1ee5ng (nh\u01b0 MDF cao c\u1ea5p ho\u1eb7c v\u00e1n \u00e9p c\u00f4ng nghi\u1ec7p) \u0111\u00e3 qua x\u1eed l\u00fd k\u1ef9 l\u01b0\u1ee1ng \u0111\u1ec3 \u0111\u1ea3m b\u1ea3o \u0111\u1ed9 c\u1ee9ng ch\u1eafc, ch\u1ed1ng rung c\u1ed9ng h\u01b0\u1edfng hi\u1ec7u qu\u1ea3. B\u1ec1 m\u1eb7t th\u01b0\u1eddng \u0111\u01b0\u1ee3c s\u01a1n s\u1ea7n ho\u1eb7c ph\u1ee7 v\u1eadt li\u1ec7u chuy\u00ean d\u1ee5ng, gi\u00fap v\u1ecf th\u00f9ng ch\u1ed1ng tr\u1ea7y x\u01b0\u1edbc, ch\u1ed1ng th\u1ea5m n\u01b0\u1edbc, ch\u1ed1ng \u1ea9m m\u1ed1c v\u00e0 ch\u1ecbu \u0111\u01b0\u1ee3c va \u0111\u1eadp, ph\u00f9 h\u1ee3p v\u1edbi m\u00f4i tr\u01b0\u1eddng s\u1eed d\u1ee5ng kh\u1eafc nghi\u1ec7t c\u1ee7a loa \u0111i\u1ec7n.<\/li>\n<li><b>Thi\u1ebft K\u1ebf T\u1ed1i \u01afu \u00c2m H\u1ecdc, N\u00e2ng Cao Ch\u1ea5t L\u01b0\u1ee3ng \u00c2m Thanh:<\/b> M\u1ed7i v\u1ecf th\u00f9ng loa \u0111i\u1ec7n \u0111\u01b0\u1ee3c thi\u1ebft k\u1ebf kh\u00f4ng ch\u1ec9 v\u1ec1 m\u1eb7t th\u1ea9m m\u1ef9 m\u00e0 c\u00f2n ch\u00fa tr\u1ecdng \u0111\u1ebfn c\u00e1c y\u1ebfu t\u1ed1 \u00e2m h\u1ecdc. C\u1ea5u tr\u00fac b\u00ean trong \u0111\u01b0\u1ee3c t\u00ednh to\u00e1n k\u1ef9 l\u01b0\u1ee1ng \u0111\u1ec3 t\u1ed1i \u01b0u h\u00f3a s\u1ef1 c\u1ed9ng h\u01b0\u1edfng, gi\u1ea3m thi\u1ec3u nhi\u1ec5u v\u00e0 \u0111\u1ecbnh h\u01b0\u1edbng \u00e2m thanh hi\u1ec7u qu\u1ea3. \u0110i\u1ec1u n\u00e0y gi\u00fap c\u1ee7 loa ph\u00e1t huy t\u1ed1i \u0111a c\u00f4ng su\u1ea5t, mang l\u1ea1i \u00e2m bass s\u00e2u, ch\u1eafc, \u00e2m mid r\u00f5 r\u00e0ng v\u00e0 \u00e2m treble trong tr\u1ebbo, m\u1ea1nh m\u1ebd.<\/li>\n<li><b>B\u1ea3o V\u1ec7 To\u00e0n Di\u1ec7n C\u1ee7 Loa v\u00e0 Linh Ki\u1ec7n:<\/b> V\u1ecf th\u00f9ng loa \u0111\u00f3ng vai tr\u00f2 nh\u01b0 m\u1ed9t l\u1edbp \u00e1o gi\u00e1p, b\u1ea3o v\u1ec7 c\u00e1c c\u1ee7 loa, ph\u00e2n t\u1ea7n v\u00e0 linh ki\u1ec7n \u0111i\u1ec7n t\u1eed b\u00ean trong kh\u1ecfi b\u1ee5i b\u1ea9n, \u0111\u1ed9 \u1ea9m, va \u0111\u1eadp v\u00e0 c\u00e1c t\u00e1c \u0111\u1ed9ng v\u1eadt l\u00fd t\u1eeb b\u00ean ngo\u00e0i. \u0110i\u1ec1u n\u00e0y k\u00e9o d\u00e0i tu\u1ed5i th\u1ecd c\u1ee7a h\u1ec7 th\u1ed1ng loa, gi\u00fap b\u1ea1n y\u00ean t\u00e2m s\u1eed d\u1ee5ng trong m\u1ecdi s\u1ef1 ki\u1ec7n.<\/li>\n<li><b>Ki\u1ec3u D\u00e1ng Chuy\u00ean Nghi\u1ec7p, M\u1ea1nh M\u1ebd:<\/b> C\u00e1c m\u1eabu v\u1ecf th\u00f9ng loa \u0111i\u1ec7n c\u1ee7a ch\u00fang t\u00f4i \u0111\u01b0\u1ee3c thi\u1ebft k\u1ebf v\u1edbi ki\u1ec3u d\u00e1ng m\u1ea1nh m\u1ebd, chuy\u00ean nghi\u1ec7p, ph\u00f9 h\u1ee3p v\u1edbi kh\u00f4ng gian s\u00e2n kh\u1ea5u, h\u1ed9i tr\u01b0\u1eddng, qu\u00e1n bar hay c\u00e1c h\u1ec7 th\u1ed1ng \u00e2m thanh s\u1ef1 ki\u1ec7n. T\u1eeb nh\u1eefng \u0111\u01b0\u1eddng n\u00e9t g\u00f3c c\u1ea1nh \u0111\u1ebfn c\u00e1c chi ti\u1ebft l\u01b0\u1edbi b\u1ea3o v\u1ec7, t\u1ea5t c\u1ea3 \u0111\u1ec1u to\u00e1t l\u00ean v\u1ebb hi\u1ec7n \u0111\u1ea1i v\u00e0 uy l\u1ef1c.<br \/>\n<img loading=\"lazy\" decoding=\"async\" class=\"alignnone wp-image-3979\" src=\"http:\/\/xuongnoithattipi.com\/wp-content\/uploads\/2025\/11\/vo-thung-loa-dien3-300x300.jpg\" alt=\"\" width=\"318\" height=\"318\" srcset=\"https:\/\/xuongnoithattipi.com\/wp-content\/uploads\/2025\/11\/vo-thung-loa-dien3-300x300.jpg 300w, https:\/\/xuongnoithattipi.com\/wp-content\/uploads\/2025\/11\/vo-thung-loa-dien3-150x150.jpg 150w, https:\/\/xuongnoithattipi.com\/wp-content\/uploads\/2025\/11\/vo-thung-loa-dien3-768x768.jpg 768w, https:\/\/xuongnoithattipi.com\/wp-content\/uploads\/2025\/11\/vo-thung-loa-dien3-256x256.jpg 256w, https:\/\/xuongnoithattipi.com\/wp-content\/uploads\/2025\/11\/vo-thung-loa-dien3-100x100.jpg 100w, https:\/\/xuongnoithattipi.com\/wp-content\/uploads\/2025\/11\/vo-thung-loa-dien3.jpg 1024w\" sizes=\"auto, (max-width: 318px) 100vw, 318px\" \/> <img loading=\"lazy\" decoding=\"async\" class=\"alignnone wp-image-3978\" src=\"http:\/\/xuongnoithattipi.com\/wp-content\/uploads\/2025\/11\/vo-thung-loa-dien-2-300x300.jpg\" alt=\"\" width=\"318\" height=\"318\" srcset=\"https:\/\/xuongnoithattipi.com\/wp-content\/uploads\/2025\/11\/vo-thung-loa-dien-2-300x300.jpg 300w, https:\/\/xuongnoithattipi.com\/wp-content\/uploads\/2025\/11\/vo-thung-loa-dien-2-150x150.jpg 150w, https:\/\/xuongnoithattipi.com\/wp-content\/uploads\/2025\/11\/vo-thung-loa-dien-2-768x768.jpg 768w, https:\/\/xuongnoithattipi.com\/wp-content\/uploads\/2025\/11\/vo-thung-loa-dien-2-256x256.jpg 256w, https:\/\/xuongnoithattipi.com\/wp-content\/uploads\/2025\/11\/vo-thung-loa-dien-2-100x100.jpg 100w, https:\/\/xuongnoithattipi.com\/wp-content\/uploads\/2025\/11\/vo-thung-loa-dien-2.jpg 1024w\" sizes=\"auto, (max-width: 318px) 100vw, 318px\" \/><\/li>\n<\/ol>\n<p><b>Li\u00ean H\u1ec7 N\u1ed8I TH\u1ea4T TIPI \u0110\u1ec3 \u0110\u01b0\u1ee3c T\u01b0 V\u1ea5n:<\/b><\/p>\n<p>\u0110\u1ec3 \u0111\u01b0\u1ee3c t\u01b0 v\u1ea5n chi ti\u1ebft v\u00e0 s\u1edf h\u1eefu ngay v\u1ecf th\u00f9ng loa \u0111i\u1ec7n ch\u1ea5t l\u01b0\u1ee3ng cao \u01b0ng \u00fd, h\u00e3y li\u00ean h\u1ec7 v\u1edbi N\u1ed8I TH\u1ea4T TIPI qua th\u00f4ng tin d\u01b0\u1edbi \u0111\u00e2y:<\/p>\n<ul>\n<li><b>C\u00d4NG TY TNHH TH\u01af\u01a0NG M\u1ea0I V\u00c0 S\u1ea2N XU\u1ea4T TIPI WOOD<\/b><\/li>\n<li><b>\u0110\u1ecba ch\u1ec9:<\/b> 221\/229 B\u00ecnh Th\u00e0nh, Ph\u01b0\u1eddng B\u00ecnh T\u00e2n, TP.HCM<\/li>\n<li><b>Kinh doanh:<\/b> 0909.52.69.62<\/li>\n<li><b>H\u1ed7 tr\u1ee3 k\u1ef9 thu\u1eadt:<\/b> 0938.40.50.62<\/li>\n<li><b>Email:<\/b> tipiwood.sg@gmail.com<\/li>\n<\/ul>\n<p>N\u1ed8I TH\u1ea4T TIPI lu\u00f4n s\u1eb5n l\u00f2ng ph\u1ee5c v\u1ee5 v\u00e0 mang \u0111\u1ebfn nh\u1eefng gi\u1ea3i ph\u00e1p n\u1ed9i th\u1ea5t ho\u00e0n h\u1ea3o nh\u1ea5t cho kh\u00f4ng gian s\u1ed1ng v\u00e0 h\u1ec7 th\u1ed1ng \u00e2m thanh c\u1ee7a b\u1ea1n!<\/p>\n","protected":false},"excerpt":{"rendered":"<p>Kh\u00e1m ph\u00e1 v\u1ecf th\u00f9ng loa \u0111i\u1ec7n ch\u1ea5t l\u01b0\u1ee3ng cao t\u1eeb N\u1ed8I TH\u1ea4T TIPI \u2013 gi\u1ea3i ph\u00e1p b\u1ea3o v\u1ec7 t\u1ed1i \u01b0u, t\u0103ng c\u01b0\u1eddng ch\u1ea5t l\u01b0\u1ee3ng \u00e2m thanh v\u00e0 \u0111\u1ed9 b\u1ec1n cho h\u1ec7 th\u1ed1ng \u00e2m thanh c\u1ee7a b\u1ea1n. \u0110\u1eb7t h\u00e0ng t\u1ea1i TP.HCM.<\/p>\n","protected":false},"featured_media":4018,"comment_status":"open","ping_status":"closed","template":"","meta":{"_acf_changed":false},"product_brand":[],"product_cat":[146],"product_tag":[],"class_list":{"0":"post-3975","1":"product","2":"type-product","3":"status-publish","4":"has-post-thumbnail","6":"product_cat-vo-thung-loa","8":"first","9":"instock","10":"featured","11":"shipping-taxable","12":"purchasable","13":"product-type-simple"},"acf":[],"yoast_head":"<!-- This site is optimized with the Yoast SEO Premium plugin v22.6 (Yoast SEO v26.3) - https:\/\/yoast.com\/wordpress\/plugins\/seo\/ -->\n<title>V\u1ecf Th\u00f9ng Loa \u0110i\u1ec7n - N\u1ed9i th\u1ea5t Tipi<\/title>\n<meta name=\"robots\" content=\"index, follow, max-snippet:-1, max-image-preview:large, max-video-preview:-1\" \/>\n<link rel=\"canonical\" href=\"https:\/\/xuongnoithattipi.com\/?product=vo-thung-loa-dien\" \/>\n<meta property=\"og:locale\" content=\"vi_VN\" \/>\n<meta property=\"og:type\" content=\"article\" \/>\n<meta property=\"og:title\" content=\"V\u1ecf Th\u00f9ng Loa \u0110i\u1ec7n\" \/>\n<meta property=\"og:description\" content=\"Kh\u00e1m ph\u00e1 v\u1ecf th\u00f9ng loa \u0111i\u1ec7n ch\u1ea5t l\u01b0\u1ee3ng cao t\u1eeb N\u1ed8I TH\u1ea4T TIPI \u2013 gi\u1ea3i ph\u00e1p b\u1ea3o v\u1ec7 t\u1ed1i \u01b0u, t\u0103ng c\u01b0\u1eddng ch\u1ea5t l\u01b0\u1ee3ng \u00e2m thanh v\u00e0 \u0111\u1ed9 b\u1ec1n cho h\u1ec7 th\u1ed1ng \u00e2m thanh c\u1ee7a b\u1ea1n. \u0110\u1eb7t h\u00e0ng t\u1ea1i TP.HCM.\" \/>\n<meta property=\"og:url\" content=\"https:\/\/xuongnoithattipi.com\/?product=vo-thung-loa-dien\" \/>\n<meta property=\"og:site_name\" content=\"N\u1ed9i th\u1ea5t Tipi\" \/>\n<meta property=\"article:publisher\" content=\"https:\/\/www.facebook.com\/profile.php?id=61583275246966#\" \/>\n<meta property=\"article:modified_time\" content=\"2025-11-15T15:04:40+00:00\" \/>\n<meta property=\"og:image\" content=\"https:\/\/xuongnoithattipi.com\/wp-content\/uploads\/2025\/11\/vo-thung-loa-dien-1.jpg\" \/>\n\t<meta property=\"og:image:width\" content=\"1024\" \/>\n\t<meta property=\"og:image:height\" content=\"1024\" \/>\n\t<meta property=\"og:image:type\" content=\"image\/jpeg\" \/>\n<meta name=\"twitter:card\" content=\"summary_large_image\" \/>\n<meta name=\"twitter:label1\" content=\"\u01af\u1edbc t\u00ednh th\u1eddi gian \u0111\u1ecdc\" \/>\n\t<meta name=\"twitter:data1\" content=\"4 ph\u00fat\" \/>\n<script type=\"application\/ld+json\" class=\"yoast-schema-graph\">{\"@context\":\"https:\/\/schema.org\",\"@graph\":[{\"@type\":\"WebPage\",\"@id\":\"https:\/\/xuongnoithattipi.com\/?product=vo-thung-loa-dien\",\"url\":\"https:\/\/xuongnoithattipi.com\/?product=vo-thung-loa-dien\",\"name\":\"V\u1ecf Th\u00f9ng Loa \u0110i\u1ec7n - N\u1ed9i th\u1ea5t Tipi\",\"isPartOf\":{\"@id\":\"https:\/\/xuongnoithattipi.com\/#website\"},\"primaryImageOfPage\":{\"@id\":\"https:\/\/xuongnoithattipi.com\/?product=vo-thung-loa-dien#primaryimage\"},\"image\":{\"@id\":\"https:\/\/xuongnoithattipi.com\/?product=vo-thung-loa-dien#primaryimage\"},\"thumbnailUrl\":\"https:\/\/xuongnoithattipi.com\/wp-content\/uploads\/2025\/11\/vo-thung-loa-dien-1.jpg\",\"datePublished\":\"2025-11-10T17:01:10+00:00\",\"dateModified\":\"2025-11-15T15:04:40+00:00\",\"breadcrumb\":{\"@id\":\"https:\/\/xuongnoithattipi.com\/?product=vo-thung-loa-dien#breadcrumb\"},\"inLanguage\":\"vi\",\"potentialAction\":[{\"@type\":\"ReadAction\",\"target\":[\"https:\/\/xuongnoithattipi.com\/?product=vo-thung-loa-dien\"]}]},{\"@type\":\"ImageObject\",\"inLanguage\":\"vi\",\"@id\":\"https:\/\/xuongnoithattipi.com\/?product=vo-thung-loa-dien#primaryimage\",\"url\":\"https:\/\/xuongnoithattipi.com\/wp-content\/uploads\/2025\/11\/vo-thung-loa-dien-1.jpg\",\"contentUrl\":\"https:\/\/xuongnoithattipi.com\/wp-content\/uploads\/2025\/11\/vo-thung-loa-dien-1.jpg\",\"width\":1024,\"height\":1024},{\"@type\":\"BreadcrumbList\",\"@id\":\"https:\/\/xuongnoithattipi.com\/?product=vo-thung-loa-dien#breadcrumb\",\"itemListElement\":[{\"@type\":\"ListItem\",\"position\":1,\"name\":\"Trang ch\u1ee7\",\"item\":\"https:\/\/xuongnoithattipi.com\/\"},{\"@type\":\"ListItem\",\"position\":2,\"name\":\"S\u1ea3n ph\u1ea9m\",\"item\":\"https:\/\/xuongnoithattipi.com\/shop\/\"},{\"@type\":\"ListItem\",\"position\":3,\"name\":\"V\u1ecf th\u00f9ng loa\",\"item\":\"https:\/\/xuongnoithattipi.com\/danh-muc-san-pham\/vo-thung-loa\/\"},{\"@type\":\"ListItem\",\"position\":4,\"name\":\"V\u1ecf Th\u00f9ng Loa \u0110i\u1ec7n\"}]},{\"@type\":\"WebSite\",\"@id\":\"https:\/\/xuongnoithattipi.com\/#website\",\"url\":\"https:\/\/xuongnoithattipi.com\/\",\"name\":\"N\u1ed9i th\u1ea5t Tipi\",\"description\":\"\",\"publisher\":{\"@id\":\"https:\/\/xuongnoithattipi.com\/#organization\"},\"potentialAction\":[{\"@type\":\"SearchAction\",\"target\":{\"@type\":\"EntryPoint\",\"urlTemplate\":\"https:\/\/xuongnoithattipi.com\/?s={search_term_string}\"},\"query-input\":{\"@type\":\"PropertyValueSpecification\",\"valueRequired\":true,\"valueName\":\"search_term_string\"}}],\"inLanguage\":\"vi\"},{\"@type\":\"Organization\",\"@id\":\"https:\/\/xuongnoithattipi.com\/#organization\",\"name\":\"N\u1ed9i th\u1ea5t Tipi\",\"url\":\"https:\/\/xuongnoithattipi.com\/\",\"logo\":{\"@type\":\"ImageObject\",\"inLanguage\":\"vi\",\"@id\":\"https:\/\/xuongnoithattipi.com\/#\/schema\/logo\/image\/\",\"url\":\"http:\/\/xuongnoithattipi.com\/wp-content\/uploads\/2025\/11\/LOGO_XUONG-NOI-THAT-TIPI_WEB-COLOR-full.png\",\"contentUrl\":\"http:\/\/xuongnoithattipi.com\/wp-content\/uploads\/2025\/11\/LOGO_XUONG-NOI-THAT-TIPI_WEB-COLOR-full.png\",\"width\":536,\"height\":126,\"caption\":\"N\u1ed9i th\u1ea5t Tipi\"},\"image\":{\"@id\":\"https:\/\/xuongnoithattipi.com\/#\/schema\/logo\/image\/\"},\"sameAs\":[\"https:\/\/www.facebook.com\/profile.php?id=61583275246966#\"]}]}<\/script>\n<!-- \/ Yoast SEO Premium plugin. -->","yoast_head_json":{"title":"V\u1ecf Th\u00f9ng Loa \u0110i\u1ec7n - N\u1ed9i th\u1ea5t Tipi","robots":{"index":"index","follow":"follow","max-snippet":"max-snippet:-1","max-image-preview":"max-image-preview:large","max-video-preview":"max-video-preview:-1"},"canonical":"https:\/\/xuongnoithattipi.com\/?product=vo-thung-loa-dien","og_locale":"vi_VN","og_type":"article","og_title":"V\u1ecf Th\u00f9ng Loa \u0110i\u1ec7n","og_description":"Kh\u00e1m ph\u00e1 v\u1ecf th\u00f9ng loa \u0111i\u1ec7n ch\u1ea5t l\u01b0\u1ee3ng cao t\u1eeb N\u1ed8I TH\u1ea4T TIPI \u2013 gi\u1ea3i ph\u00e1p b\u1ea3o v\u1ec7 t\u1ed1i \u01b0u, t\u0103ng c\u01b0\u1eddng ch\u1ea5t l\u01b0\u1ee3ng \u00e2m thanh v\u00e0 \u0111\u1ed9 b\u1ec1n cho h\u1ec7 th\u1ed1ng \u00e2m thanh c\u1ee7a b\u1ea1n. \u0110\u1eb7t h\u00e0ng t\u1ea1i TP.HCM.","og_url":"https:\/\/xuongnoithattipi.com\/?product=vo-thung-loa-dien","og_site_name":"N\u1ed9i th\u1ea5t Tipi","article_publisher":"https:\/\/www.facebook.com\/profile.php?id=61583275246966#","article_modified_time":"2025-11-15T15:04:40+00:00","og_image":[{"width":1024,"height":1024,"url":"https:\/\/xuongnoithattipi.com\/wp-content\/uploads\/2025\/11\/vo-thung-loa-dien-1.jpg","type":"image\/jpeg"}],"twitter_card":"summary_large_image","twitter_misc":{"\u01af\u1edbc t\u00ednh th\u1eddi gian \u0111\u1ecdc":"4 ph\u00fat"},"schema":{"@context":"https:\/\/schema.org","@graph":[{"@type":"WebPage","@id":"https:\/\/xuongnoithattipi.com\/?product=vo-thung-loa-dien","url":"https:\/\/xuongnoithattipi.com\/?product=vo-thung-loa-dien","name":"V\u1ecf Th\u00f9ng Loa \u0110i\u1ec7n - N\u1ed9i th\u1ea5t Tipi","isPartOf":{"@id":"https:\/\/xuongnoithattipi.com\/#website"},"primaryImageOfPage":{"@id":"https:\/\/xuongnoithattipi.com\/?product=vo-thung-loa-dien#primaryimage"},"image":{"@id":"https:\/\/xuongnoithattipi.com\/?product=vo-thung-loa-dien#primaryimage"},"thumbnailUrl":"https:\/\/xuongnoithattipi.com\/wp-content\/uploads\/2025\/11\/vo-thung-loa-dien-1.jpg","datePublished":"2025-11-10T17:01:10+00:00","dateModified":"2025-11-15T15:04:40+00:00","breadcrumb":{"@id":"https:\/\/xuongnoithattipi.com\/?product=vo-thung-loa-dien#breadcrumb"},"inLanguage":"vi","potentialAction":[{"@type":"ReadAction","target":["https:\/\/xuongnoithattipi.com\/?product=vo-thung-loa-dien"]}]},{"@type":"ImageObject","inLanguage":"vi","@id":"https:\/\/xuongnoithattipi.com\/?product=vo-thung-loa-dien#primaryimage","url":"https:\/\/xuongnoithattipi.com\/wp-content\/uploads\/2025\/11\/vo-thung-loa-dien-1.jpg","contentUrl":"https:\/\/xuongnoithattipi.com\/wp-content\/uploads\/2025\/11\/vo-thung-loa-dien-1.jpg","width":1024,"height":1024},{"@type":"BreadcrumbList","@id":"https:\/\/xuongnoithattipi.com\/?product=vo-thung-loa-dien#breadcrumb","itemListElement":[{"@type":"ListItem","position":1,"name":"Trang ch\u1ee7","item":"https:\/\/xuongnoithattipi.com\/"},{"@type":"ListItem","position":2,"name":"S\u1ea3n ph\u1ea9m","item":"https:\/\/xuongnoithattipi.com\/shop\/"},{"@type":"ListItem","position":3,"name":"V\u1ecf th\u00f9ng loa","item":"https:\/\/xuongnoithattipi.com\/danh-muc-san-pham\/vo-thung-loa\/"},{"@type":"ListItem","position":4,"name":"V\u1ecf Th\u00f9ng Loa \u0110i\u1ec7n"}]},{"@type":"WebSite","@id":"https:\/\/xuongnoithattipi.com\/#website","url":"https:\/\/xuongnoithattipi.com\/","name":"N\u1ed9i th\u1ea5t Tipi","description":"","publisher":{"@id":"https:\/\/xuongnoithattipi.com\/#organization"},"potentialAction":[{"@type":"SearchAction","target":{"@type":"EntryPoint","urlTemplate":"https:\/\/xuongnoithattipi.com\/?s={search_term_string}"},"query-input":{"@type":"PropertyValueSpecification","valueRequired":true,"valueName":"search_term_string"}}],"inLanguage":"vi"},{"@type":"Organization","@id":"https:\/\/xuongnoithattipi.com\/#organization","name":"N\u1ed9i th\u1ea5t Tipi","url":"https:\/\/xuongnoithattipi.com\/","logo":{"@type":"ImageObject","inLanguage":"vi","@id":"https:\/\/xuongnoithattipi.com\/#\/schema\/logo\/image\/","url":"http:\/\/xuongnoithattipi.com\/wp-content\/uploads\/2025\/11\/LOGO_XUONG-NOI-THAT-TIPI_WEB-COLOR-full.png","contentUrl":"http:\/\/xuongnoithattipi.com\/wp-content\/uploads\/2025\/11\/LOGO_XUONG-NOI-THAT-TIPI_WEB-COLOR-full.png","width":536,"height":126,"caption":"N\u1ed9i th\u1ea5t Tipi"},"image":{"@id":"https:\/\/xuongnoithattipi.com\/#\/schema\/logo\/image\/"},"sameAs":["https:\/\/www.facebook.com\/profile.php?id=61583275246966#"]}]}},"_links":{"self":[{"href":"https:\/\/xuongnoithattipi.com\/index.php?rest_route=\/wp\/v2\/product\/3975","targetHints":{"allow":["GET"]}}],"collection":[{"href":"https:\/\/xuongnoithattipi.com\/index.php?rest_route=\/wp\/v2\/product"}],"about":[{"href":"https:\/\/xuongnoithattipi.com\/index.php?rest_route=\/wp\/v2\/types\/product"}],"replies":[{"embeddable":true,"href":"https:\/\/xuongnoithattipi.com\/index.php?rest_route=%2Fwp%2Fv2%2Fcomments&post=3975"}],"wp:featuredmedia":[{"embeddable":true,"href":"https:\/\/xuongnoithattipi.com\/index.php?rest_route=\/wp\/v2\/media\/4018"}],"wp:attachment":[{"href":"https:\/\/xuongnoithattipi.com\/index.php?rest_route=%2Fwp%2Fv2%2Fmedia&parent=3975"}],"wp:term":[{"taxonomy":"product_brand","embeddable":true,"href":"https:\/\/xuongnoithattipi.com\/index.php?rest_route=%2Fwp%2Fv2%2Fproduct_brand&post=3975"},{"taxonomy":"product_cat","embeddable":true,"href":"https:\/\/xuongnoithattipi.com\/index.php?rest_route=%2Fwp%2Fv2%2Fproduct_cat&post=3975"},{"taxonomy":"product_tag","embeddable":true,"href":"https:\/\/xuongnoithattipi.com\/index.php?rest_route=%2Fwp%2Fv2%2Fproduct_tag&post=3975"}],"curies":[{"name":"wp","href":"https:\/\/api.w.org\/{rel}","templated":true}]}}